et k = 107 - 175. Let s = 9 - k. What is the units digit of s?
7
Let u(h) = h**3 - 3*h**2 - 56*h - 3 - 2*h**2 + 22*h. Let i be u(14). Suppose 394 = -11*b + i. What is the units digit of b?
1
Let g = -1190 - -4332. What is the units digit of g?
2
Let a = -39509 - -60045. What is the hundreds digit of a?
5
Let l(x) = 81*x**2 - 126*x + 59. What is the ten thousands digit of l(-12)?
1
Let t(u) = -189*u**3 - 182*u**2 + 6*u + 9. What is the units digit of t(-4)?
9
Let s be (-22 + -2)/(5 - (-2763)/(-558)). Let j = 901 + s. What is the tens digit of j?
0
Suppose 7*w - 234 = 6*w + t, 5*w - 1167 = 4*t. Suppose -5*z + 6*z - w = 0. What is the hundreds digit of z?
2
Suppose -6*l - 3 = 165. Let m = l + -57. Let j = m - -125. What is the units digit of j?
0
Suppose 3*d = -3*d + 24. Let i(a) = -a**2 - 6*a + 10. Let o be i(d). What is the tens digit of (o/(-9))/((-2)/(-36))?
6
Let f be -1 + (6 + -6)/5. What is the tens digit of (55*f/3)/((-1)/3)?
5
Let u = -110 - 26. Let m = -123 - u. What is the tens digit of m?
1
Suppose 0 = 5*a + 2*d - 129666, -4*a - 3*d - 31777 = -135514. What is the hundreds digit of a?
9
Let w(y) = 273*y - 13. Let t be w(1). Let l = 586 - t. What is the tens digit of l?
2
Suppose 106 = -2*m + 140. Suppose m*v - 3597 = 13199. What is the tens digit of v?
8
Let j(q) = 42*q - 11. Let i be j(-7). Let l = 444 + i. What is the hundreds digit of l?
1
Let f = -10 + 15. Suppose 719 - 130 = 62*a - 527. Suppose f*y - a = -13. What is the units digit of y?
1
Let f = 95951 + -35731. What is the units digit of f?
0
Let h(x) = x**3 + 13*x**2 - 4*x - 10. Let p = 6 + -29. Let a be 2*(10 + p)/(2*1). What is the tens digit of h(a)?
4
Let n = 46 + -43. Suppose -2*j + 69 = k, -58 + 273 = n*k + 4*j. Let s = k - 44. What is the tens digit of s?
3
Suppose 2*d - 4*k - 20 = 0, -5*d + 3*k = -69 + 19. Let s = d - 84. What is the units digit of s/(-14) + (24/(-21))/4?
5
Suppose 0 = 10*f - f - 56925. Suppose -f = -69*w + 46*w. What is the hundreds digit of w?
2
Let h = -41 + 44. Suppose -3*f = h*o - 1641, -2*f + 526 = -3*o - 578. What is the tens digit of f?
4
Suppose -7*u + 4*z + 228478 = 0, 2*u + z = 5*u - 97917. What is the thousands digit of u?
2
Let h(p) = -p**3 - 8*p**2 + 10*p + 12. Let f be (2 - (-49)/(-35))/((-2)/30). Let k be h(f). What is the tens digit of 124/10*(18 - k)?
8
Suppose 28026 = 4*o - 11058. What is the units digit of o?
1
Suppose 18464 - 126117 - 55505 = -6*a. What is the tens digit of a?
9
Let f(t) = -8*t + 3*t**2 + 14*t - 8 - t**2 + 11*t. Let d be f(-9). What is the units digit of d/(4 - (-1155)/(-290))?
8
Suppose 3*z + 207798 - 9431 = 5*u, -39678 = -u - 4*z. What is the units digit of u?
4
Suppose -3*l + 73 = 4*b, -l - 175 = -6*l + 4*b. Let r = l - 28. What is the units digit of 0 + (r - 0) + 73?
6
Let p = 22460 + -12792. What is the units digit of p?
8
What is the tens digit of (-114990)/(-45)*(0 + 12)?
6
Let k(h) = -h + 3. Let y be k(3). Suppose y = -9*i + i - 1632. What is the tens digit of ((-55)/44)/(3/i)?
8
Let q = 1336 + -3145. Let t = 2630 + q. What is the units digit of t?
1
Suppose -n = -4*n - 6, -5*l - 3*n + 104 = 0. Let w be (2 - l)/((2 - 1)/(-1)). What is the units digit of (-4)/w + 612/10?
1
Suppose -9*b + 2761642 - 6767882 = -79*b. What is the tens digit of b?
3
Suppose 2*v = 2*i - 3*v - 552, -2*v - 1136 = -4*i. Suppose d = -d + i. Let f = d + -65. What is the units digit of f?
8
Suppose -1467*c + 268 = -1466*c. Suppose 0 = -4*k + d + 543, 0*k - 2*k = -4*d - c. What is the tens digit of k?
3
Suppose 4*f + 33*d - 28002 = 28*d, 4*f + 3*d = 28014. What is the thousands digit of f?
7
Let v = -5818 + 14655. What is the units digit of v?
7
Suppose -55 = -8*g + 1161. Let b = 615 - g. What is the hundreds digit of b?
4
Let o(h) = 158*h**2 - 50*h + 500. What is the hundreds digit of o(9)?
8
Let n be 16 - 18 - 6/2. Let b be (-253)/2 + n/(-10). Let r = -55 - b. What is the tens digit of r?
7
Let a = -8377 - -32667. What is the thousands digit of a?
4
Suppose 49*d - 51*d - 780 = 0. Let w = d - -1043. What is the units digit of w?
3
Let m(i) = i**2 - 5*i + 3. Let b be m(6). Let c(a) = -3*a + 15. Let y be c(b). Let k = y - -79. What is the units digit of k?
7
What is the tens digit of (1068/84 - 13) + (-37188)/(-14)?
5
Suppose -44*f + 286220 = -24*f. What is the ten thousands digit of f?
1
Let z(v) = 9*v + 31. Let m(n) = 2*n**2 - 40*n - 31. Let t be m(21). What is the units digit of z(t)?
0
Let f = -10137 - -16583. What is the thousands digit of f?
6
Suppose 0 = 3*i + 78 - 63. Let d(m) = -11*m + 109. What is the units digit of d(i)?
4
Let r(d) = -20*d + 103. Let f be r(5). Suppose -2*x + 5*n = -f*x + 847, 5*x - 3*n - 4375 = 0. What is the tens digit of x?
7
Suppose 29*v - 135 = 24*v. Let l(g) = -g + 74. What is the tens digit of l(v)?
4
Let w(a) = -a**3 + 10*a**2 + 1 - 3*a - 4*a + a. Let g = -2407 - -2415. What is the units digit of w(g)?
1
Let z(u) = 33*u**2 - 2560*u + 19. What is the hundreds digit of z(84)?
8
Suppose -o - 505*v + 15677 = -501*v, 4*v = 5*o - 78385. What is the ten thousands digit of o?
1
Let m(r) = 137*r + 237. What is the ten thousands digit of m(100)?
1
Let m = 48 + -46. Let s be m*(-10)/(-15)*3. Suppose v - 3*v - 5*n + 293 = 0, -3*v - s*n = -443. What is the units digit of v?
9
Suppose 4*r + w - 21 = 0, 5*w - 4 - 13 = 2*r. Let f be (-80)/(-4 + 6) - r. Let h = f - -148. What is the units digit of h?
4
What is the units digit of 1 - (-41588 - -19) - 17?
3
Suppose 11*o = 1873 + 657. Suppose b + o = -0*b + 3*p, 0 = 4*b + 5*p + 886. Let w = -30 - b. What is the hundreds digit of w?
1
Let g(v) = 22*v**2 - 7*v - 74. Suppose 2 = -2*u + 5*t - 15, -2*u - 15 = -3*t. What is the tens digit of g(u)?
6
Let j be (2/4 + -1)*0. What is the units digit of ((-57)/6)/((-5 + j)/190)?
1
Suppose -12*m = -7*m + 3*m. Let s = -1 - -3. Suppose m = s*l - 122 - 2. What is the units digit of l?
2
Suppose -3*i = 5*k + 13, 3*i + 3 = k - 4*k. Suppose 21 = -i*s + v, -v - 4*v = -25. What is the tens digit of (s - -7) + 0 + 19?
2
Let d be 2*(-15)/(-12)*(-2920)/(-25). Suppose d = 2*a - 4*i, 11*a - 13*a + 2*i + 286 = 0. What is the hundreds digit of a?
1
Let v(r) = -42*r**3 + 15*r**2 + 33*r. Let q be v(-3). Suppose 35*a = 41*a - q. What is the tens digit of a?
9
Let r(b) = 41*b**2 - 20*b - 115. What is the units digit of r(-8)?
9
Let a = -756 + 387. Let c = a - -791. What is the tens digit of c?
2
Let m(c) = 345*c**3 - 8*c**2 + 7*c - 6. What is the thousands digit of m(4)?
1
What is the tens digit of ((-66)/88)/((-8876)/8864 - -1)?
5
Suppose 5*a - 43517 = 4*y, -233*a + 4*y = -235*a + 17418. What is the hundreds digit of a?
7
Let l(z) = -15*z + 12. Let d(q) = 7*q - 6. Let p(b) = -13*d(b) - 6*l(b). Let x be p(10). What is the tens digit of x/(-2 + 6) - -71?
7
Let t(m) = -3*m - 7. Let z be t(-3). Let a(b) = -1 + 15*b - 2*b - 6*b + 6 + b**3 + 13*b**z. What is the tens digit of a(-12)?
6
Suppose 11*n - 7*n = -24, 4*n - 24406 = -2*t. What is the ten thousands digit of t?
1
Let s(h) = h**2 - 10*h - 85. Let d be s(-5). What is the hundreds digit of 186 + (d*2)/(-5)?
1
Suppose -9*d = -16*d - 6*d + 290069. What is the thousands digit of d?
2
Let d(y) = -y**3 + 33*y**2 - 9*y + 3. Let q be d(33). Let l = q + 565. What is the tens digit of l?
7
What is the hundreds digit of (-25*2)/(1*20/(-2270))?
6
Let k be (-1 + 44/20)/(9/(-60)). Let u(d) = -5 - d**2 - 16*d - 2 - 5*d. What is the tens digit of u(k)?
9
Let h(g) = 10*g**3 - 3*g**2 + 2*g + 2. Let m be h(2). Let c(t) = 95*t + 985. Let k be c(-10). Let v = k + m. What is the tens digit of v?
0
Let n(r) = r**2 - r - 39. Let b be n(-6). Suppose 2091 = 2*s - 4*l + 355, 2*s + b*l - 1771 = 0. What is the tens digit of s?
7
Let y = 79 + -36. Suppose -9*d + y = -74. What is the units digit of d?
3
What is the units digit of (417/(-9))/(12/(-72))?
8
Let o be 0*2*(0 + 4/(-32)). Suppose 9*s - 3*s - 30 = o. Suppose -s*j + 199 = -351. What is the units digit of j?
0
Let k(p) = -15*p - 37 + 4*p - 17*p - 7*p - 10*p. What is the tens digit of k(-23)?
9
Suppose -300*m - 27600 = -306*m. What is the units digit of m?
0
Suppose 26*t - 24*t - 4 = 0. What is the hundreds digit of (-6334)/(-11) - (t + 24/(-11))?
5
Let m be 14/(-49) - 4/(-14). Suppose m = -2*p + 6*p - 672. Suppose -b = -4*b + p. What is the tens digit of b?
5
Let m(k) = k